-4*v + r = -30. What is the units digit of v?
2
Suppose 7*z - 1340 = 2*z. Let r = -178 + z. What is the units digit of r?
0
Let v be (2 - -25)*(-1)/(-3). Suppose -3*s - 5*k = -26, -2*s - k - 1 + v = 0. What is the tens digit of 1 + 82/s - 3?
3
Suppose 1768 - 31738 = -27*p. What is the thousands digit of p?
1
Suppose -30*p = -23*p - 4039. What is the tens digit of p?
7
Suppose 2*t + 3*t - 975 = 0. Suppose -4*d + 137 + t = 0. Let a = d - 44. What is the tens digit of a?
3
Suppose 4*x + 3*h = 2085, 5*x + 768 = 2*h + 3380. What is the units digit of x?
2
Suppose 2*x + 144 = 4*x. Suppose 75*j - 96 = x*j. What is the tens digit of j?
3
Suppose 180 + 168 = -4*l. Let n = -48 - l. What is the tens digit of n?
3
Let s(v) = 295*v - 3. Let j be s(1). Suppose -4*i + 6*o + 260 = o, 5*i = -2*o + j. What is the units digit of i?
0
Let r = 378 - 70. What is the units digit of r?
8
Suppose 0 = -11*l + 14*l - 10215. What is the thousands digit of l?
3
Suppose -3*x = -3*v + 1434, -4*x - x - 1913 = -4*v. What is the tens digit of v?
7
Let h(q) = q**3 - 4*q**2 - q + 5. Let z be h(5). Let n = z + -23. Suppose 80 = -0*k + n*k - 3*t, 0 = k + 4*t - 29. What is the units digit of k?
7
Let j = -5 - 215. Let p = 501 + j. What is the hundreds digit of p?
2
Let c be 4/6 - (0 - 4/3). Suppose -67 = -3*d - 2*t - c, 5*d + 2*t - 107 = 0. What is the units digit of d?
1
Let g = 33 - -420. What is the tens digit of g?
5
Let n = -1631 + 3416. What is the tens digit of n?
8
Suppose -1182 = m - 4*m. Suppose n + 4*r = 92, -5*n + 0*n + 2*r + m = 0. Let j = n - 26. What is the tens digit of j?
5
Let z = 1084 - 716. What is the hundreds digit of z?
3
Let n be 38/(2/3*15/10). Suppose -66 = -b - n. What is the units digit of b?
8
Let g(r) = -r**2 + 3*r + 6. Let j be g(4). Let w be -2 + (j - 42) + -3. What is the units digit of -2 + -2 + 1 - w?
2
Suppose 3*y = -3*h + 6*y + 3036, 2*h - 4*y = 2034. What is the hundreds digit of h?
0
Let z(j) = 10*j**3 - 27*j**2 - 1. What is the units digit of z(6)?
7
Suppose 0 = h + 2*h - 3*n - 4584, -4*h - n = -6122. What is the thousands digit of h?
1
Let d = -125 + 311. What is the tens digit of (-3)/((-195)/d - -1)?
6
Suppose -2*y + 2 - 6 = 0. Let p be (1035/(-40) - 3/24) + 4. What is the units digit of (-4 - p)*y/(-6)?
6
Let m(l) = l**2 - 14*l + 12. Let i = -28 + 42. Let x be m(i). What is the units digit of 548/x + 2/(-3)?
5
Let v be -5 + 13 - (-4)/(-2). Let i(s) = 28*s + 12. Let a be i(v). Suppose -5*w + a = 4*w. What is the units digit of w?
0
Suppose 8962 + 13854 = 16*o. What is the units digit of o?
6
What is the units digit of (154900/95)/5 - (-2)/(-19)?
6
Suppose -3*c + 4 = -c. Suppose 0 = 5*j - 3 - c. What is the tens digit of j/(-3) - (-490)/30?
1
Let v(u) = 3*u**2 + 135*u + 264. What is the tens digit of v(-66)?
2
Let n(y) = 75*y - 162. What is the units digit of n(15)?
3
Suppose -4*t + 940 = 4*d, -4*d + 727 = -t - 233. Let x = d - 131. What is the units digit of x?
8
Let n(r) = 53*r - 87. What is the hundreds digit of n(16)?
7
Suppose 4*p + q = 44, -p - 6*q + 4*q + 18 = 0. Let y = p + 136. What is the tens digit of y?
4
Suppose 3*q = -3*z, 3*z - 7*q = -3*q + 21. Let f(t) = 1 - t**3 - 12*t + 5*t**2 - 10*t + 20*t + 0*t**z. What is the units digit of f(3)?
3
Let u(f) = f + 32. Suppose -2*z + 8 = -2. Suppose 0*v - d + 60 = z*v, 5 = -d. What is the tens digit of u(v)?
4
Let j = -158 - -1177. What is the tens digit of j?
1
What is the units digit of 2 + 2 - (-39 + -2)*4?
8
What is the tens digit of ((-2)/(-4))/((-1)/(-2558))?
7
Suppose i - 7 + 37 = 0. Let w = i - -32. Suppose -140 = -w*x + 14. What is the tens digit of x?
7
Let b(w) = -7*w - 22. Let k(a) = -3*a**2 + a - 3. Let g be k(-2). What is the units digit of b(g)?
7
Suppose -b + 10 = 5*a, 2*a + 5*b - 4 = -0*b. Suppose 274 + 267 = 4*s - 3*l, -s - a*l = -127. What is the units digit of s?
3
Let x = 215 + -213. What is the units digit of x?
2
What is the tens digit of 5/(15/1878) + -2?
2
Suppose -2276 = -7*s + 776. What is the units digit of s?
6
Suppose 2848 + 850 = 2*y. What is the tens digit of y?
4
Let l be ((-6)/(-12))/((-2)/(-4)). Let o be ((-3)/6)/l*-8. What is the units digit of (-132)/30*(-10)/o?
1
Let f(i) = 2*i**2 - 1. Let o be f(-2). Let j be o/(-3) - 44/66. What is the tens digit of (-237)/j*4/4?
7
Let a be (2/5)/((-11)/(-1265)). What is the hundreds digit of 1*a/(-8)*(1 - 21)?
1
What is the tens digit of -1286*(4 - -3)/(-14)?
4
Suppose l - 5*l = -5*w - 142, -w - 40 = 5*l. What is the tens digit of 3/(-2 + w/(-14))?
2
Let b(g) = g**2 + 21*g + 18. Let m(j) = -j. Let n(z) = -b(z) + 2*m(z). What is the tens digit of n(-18)?
7
Let w = -2481 - -4853. What is the tens digit of w?
7
Suppose -h + 10 = -7. Suppose x = 44 + h. What is the units digit of x?
1
Let z be -7 - -13 - 2*-1. Suppose 4*m - 28 = z. Suppose 3*x - 24 + m = 0. What is the units digit of x?
5
Let w = 3374 - 1379. What is the units digit of w?
5
Suppose 0 = i - 3 + 2. Suppose -i = -z - 3*v, -2*z + 3*v = 2*z - 34. Suppose z - 70 = -3*j. What is the units digit of j?
1
Let l(y) = 2*y - 2. Let m be l(2). Suppose -2*p + 73 = m*g - 3*g, -2*g + 134 = 4*p. What is the units digit of p?
5
Suppose 0 = -3*b + 6 + 9. Let k(r) = -r**2 + 6*r - 5. Let u be k(b). Suppose 3*g - v - 137 = u, -2*g - 49 = -3*g + 2*v. What is the units digit of g?
5
Suppose 2*f + 5*n - 809 = 0, -4*f + 6*f = -2*n + 812. What is the tens digit of f?
0
Suppose 0 = -20*g + 171 + 1749. What is the units digit of g?
6
Let w(h) = 104*h + 707. What is the units digit of w(45)?
7
Let v be (0 + 5)*(12/(-4) - 1). Let z = 1 - 3. What is the units digit of (-752)/v - z/5?
8
Let l(z) = -2 + 5 - 65*z + 23*z + 0. What is the tens digit of l(-2)?
8
What is the units digit of 38636/42 - 4/(-42)?
0
Let h(u) = -38*u - 8. Let m be h(-3). Suppose -4*k - 5*g = -429, -m = k - 2*k - g. What is the units digit of k?
1
Suppose 0 = -23*f + 494 - 2104. Let p = 50 + -89. Let g = p - f. What is the units digit of g?
1
Suppose 3*c = -3*a - 189, 0 = -5*a + 2*a - 9. Let l be (-12)/10*c/18. Suppose w - 92 = -4*n, 3*n = l*w - 7*w + 60. What is the units digit of n?
4
Suppose 6*w - 828 = -0*w. Let l = w + -88. What is the units digit of l?
0
Suppose 5*t = 5*v - 4455, -6*t + 10*t = -4*v + 3532. What is the hundreds digit of v?
8
Suppose -9 = 4*l - 7*l, 5*l - 39 = -4*p. Let f = -2 + p. Suppose -4*z + 240 = f*b, -z + 0*z + 64 = 3*b. What is the tens digit of z?
5
Suppose 5*j - 14667 - 632 = w, -j + w = -3059. What is the thousands digit of j?
3
Let l(j) = -3*j + 11. Let t be l(-5). Suppose 22 = 2*n - n + 5*w, -n = -w + 2. Suppose 5*c = n*u + t, 0 = 4*c - 5*c + u + 4. What is the units digit of c?
6
Let t = 10 - 7. Let d(l) = l**2 - 4*l + 3. Let w be d(-6). Suppose -2*c + w = -t*j, 0*j - 5 = j. What is the tens digit of c?
2
Let r be 0/(-5) - -1*4. Suppose -r*z + 158 = -106. What is the tens digit of z?
6
Let s(u) = -2*u**3 + 16*u**2 - 6*u + 3. Let q be s(8). Let k(j) = 8*j + 1. Let r be k(10). Let o = q + r. What is the tens digit of o?
3
Let p(i) = 23*i**2 + 17*i - 4. What is the units digit of p(3)?
4
Let h(r) = -r + 98. Let c be h(0). Let o = c - -64. Suppose -3*i = 3*q - o, 2*q = -3*i - 0*i + 162. What is the units digit of i?
4
Let n(q) = 2*q**2 - 39*q - 157. What is the units digit of n(32)?
3
Suppose -2*x - 1774 = -4*y, 0 = x + 3*x - 4. What is the hundreds digit of y?
4
What is the hundreds digit of 18/(-153) - 6207/(-17)?
3
Let l(s) = s - 3. Let j be l(-10). Let w = j + 22. Suppose 6 = 3*b - w. What is the units digit of b?
5
Let c(y) = y**3 + 1. Let s(t) = 5*t**3 + 15*t**2 - 17*t + 1. Let j(a) = -4*c(a) + s(a). Let u be j(-16). Suppose -95 = -4*m + u. What is the units digit of m?
7
Let n(o) = o**2 - 3*o + 7. Let t(x) = x**3 - 4*x**2 - 2*x + 4. Let w = 14 + -10. Let b be t(w). What is the tens digit of n(b)?
3
Let m be 6/(-21) + (-639)/(-7). Suppose -3*u - m = -2*d, u = 2*u + 2*d + 17. What is the units digit of (6/9)/((-3)/u)?
6
Let a = 1578 - 1353. What is the hundreds digit of a?
2
Suppose 2*s - 8 = 3*s. Let b be 4/s - 22/(-4). Suppose 26 - 74 = -y + b*j, 0 = -y - 4*j + 3. What is the tens digit of y?
2
Let r(s) = 3*s - 2. Let z be r(-2). Let o = 18 + z. What is the tens digit of o?
1
Let r(a) = a**3 - 6*a**2 + 5*a - 6. Let l(v) = v**2 - 9*v + 13. Let s be l(8). Let x be r(s). What